{"id":8737,"date":"2021-07-23T08:02:47","date_gmt":"2021-07-23T08:02:47","guid":{"rendered":"https:\/\/bridge482.qodeinteractive.com\/?page_id=8737"},"modified":"2026-03-26T17:22:50","modified_gmt":"2026-03-26T17:22:50","slug":"about-the-company","status":"publish","type":"page","link":"https:\/\/grupolainmaculada.com\/index.php\/about-the-company\/","title":{"rendered":"Historia"},"content":{"rendered":"\t\t<div data-elementor-type=\"wp-page\" data-elementor-id=\"8737\" class=\"elementor elementor-8737\">\n\t\t\t\t\t\t<section class=\"elementor-section elementor-top-section elementor-element elementor-element-0adb477 elementor-section-full_width qode_elementor_container_inner elementor-section-height-default elementor-section-height-default parallax_section_no\" data-id=\"0adb477\" data-element_type=\"section\" data-e-type=\"section\">\n\t\t\t\t\t\t<div class=\"elementor-container elementor-column-gap-default\">\n\t\t\t\t\t<div class=\"elementor-column elementor-col-100 elementor-top-column elementor-element elementor-element-ca7ab9f\" data-id=\"ca7ab9f\" data-element_type=\"column\" data-e-type=\"column\">\n\t\t\t<div class=\"elementor-widget-wrap elementor-element-populated\">\n\t\t\t\t\t\t<div class=\"elementor-element elementor-element-3b6d894 elementor-widget elementor-widget-text-editor\" data-id=\"3b6d894\" data-element_type=\"widget\" data-e-type=\"widget\" data-widget_type=\"text-editor.default\">\n\t\t\t\t\t\t\t\t\t<div class=\"wpb_text_column wpb_content_element \"><div class=\"wpb_wrapper\"><h2>LA INMACULADA, DE TODA LA VIDA<\/h2><\/div><\/div>\t\t\t\t\t\t\t\t<\/div>\n\t\t\t\t<div class=\"elementor-element elementor-element-efb94ec elementor-widget-divider--view-line elementor-widget elementor-widget-divider\" data-id=\"efb94ec\" data-element_type=\"widget\" data-e-type=\"widget\" data-widget_type=\"divider.default\">\n\t\t\t\t\t\t\t<div class=\"elementor-divider\">\n\t\t\t<span class=\"elementor-divider-separator\">\n\t\t\t\t\t\t<\/span>\n\t\t<\/div>\n\t\t\t\t\t\t<\/div>\n\t\t\t\t<section class=\"elementor-section elementor-inner-section elementor-element elementor-element-adb134b elementor-section-full_width elementor-section-height-default elementor-section-height-default parallax_section_no qode_elementor_container_no\" data-id=\"adb134b\" data-element_type=\"section\" data-e-type=\"section\">\n\t\t\t\t\t\t<div class=\"elementor-container elementor-column-gap-default\">\n\t\t\t\t\t<div class=\"elementor-column elementor-col-50 elementor-inner-column elementor-element elementor-element-b867801\" data-id=\"b867801\" data-element_type=\"column\" data-e-type=\"column\">\n\t\t\t<div class=\"elementor-widget-wrap elementor-element-populated\">\n\t\t\t\t\t\t<div class=\"elementor-element elementor-element-3cad500 elementor-widget elementor-widget-text-editor\" data-id=\"3cad500\" data-element_type=\"widget\" data-e-type=\"widget\" data-widget_type=\"text-editor.default\">\n\t\t\t\t\t\t\t\t\t<h5>HISTORIA<\/h5>\t\t\t\t\t\t\t\t<\/div>\n\t\t\t\t<div class=\"elementor-element elementor-element-cd9c4ce elementor-widget elementor-widget-spacer\" data-id=\"cd9c4ce\" data-element_type=\"widget\" data-e-type=\"widget\" data-widget_type=\"spacer.default\">\n\t\t\t\t\t\t\t<div class=\"elementor-spacer\">\n\t\t\t<div class=\"elementor-spacer-inner\"><\/div>\n\t\t<\/div>\n\t\t\t\t\t\t<\/div>\n\t\t\t\t<div class=\"elementor-element elementor-element-45b7336 elementor-widget elementor-widget-text-editor\" data-id=\"45b7336\" data-element_type=\"widget\" data-e-type=\"widget\" data-widget_type=\"text-editor.default\">\n\t\t\t\t\t\t\t\t\t<p><b>Botica y Supermercados La Inmaculada <\/b>nace del esfuerzo y visi\u00f3n de una familia emprendedora en <b>Tarapoto, <\/b><\/p><p><b>San Mart\u00edn, <\/b>con el firme prop\u00f3sito de servir a su comunidad.<\/p><p>Todo comenz\u00f3 en el a\u00f1o <b>1955, <\/b>cuando Don <b>Lucas Re\u00e1tegui Torres <\/b>fund\u00f3 una peque\u00f1a Botica llamada <b>El Triunfo, <\/b>que un a\u00f1o despu\u00e9s en<b> 1956 <\/b>cambia de nombre a <b>Botica La Inmaculada. <\/b>desde sus inicios, la prioridad fue clara: ofrecer atenci\u00f3n c\u00e1lida, precios justos y productos confiables a las familias de la\u00a0 Regi\u00f3n.<\/p><p>Con el pasar de los a\u00f1os, el compromiso con el bienestar y la cercan\u00eda con el cliente permiti\u00f3 un crecimiento sostenido. As\u00ed naci\u00f3 en <b>1997 Supermercados La Inmaculada<\/b>, ampliando el servicio a la canasta familiar con productos de calidad y atenci\u00f3n personalizada. Hoy en d\u00eda, bajo la direcci\u00f3n de nuestro <b>Gerente General, el Sr. Rolando Re\u00e1tegui Flores <\/b>seguimos trabajando con el mismo entusiasmo y responsabilidad de siempre. Gracias al esfuerzo constante, hoy contamos con varias sucursales en Tarapoto y otras zonas de San Mart\u00edn y la Regi\u00f3n Loreto. Nos hemos convertido en un referente de confianza, calidad y servicio tanto en el sector salud como en el sector comercial<\/p>\t\t\t\t\t\t\t\t<\/div>\n\t\t\t\t<div class=\"elementor-element elementor-element-196e198 elementor-widget elementor-widget-spacer\" data-id=\"196e198\" data-element_type=\"widget\" data-e-type=\"widget\" data-widget_type=\"spacer.default\">\n\t\t\t\t\t\t\t<div class=\"elementor-spacer\">\n\t\t\t<div class=\"elementor-spacer-inner\"><\/div>\n\t\t<\/div>\n\t\t\t\t\t\t<\/div>\n\t\t\t\t\t<\/div>\n\t\t<\/div>\n\t\t\t\t<div class=\"elementor-column elementor-col-50 elementor-inner-column elementor-element elementor-element-83f8fb2\" data-id=\"83f8fb2\" data-element_type=\"column\" data-e-type=\"column\">\n\t\t\t<div class=\"elementor-widget-wrap elementor-element-populated\">\n\t\t\t\t\t\t<div class=\"elementor-element elementor-element-00a968d elementor-widget elementor-widget-image\" data-id=\"00a968d\" data-element_type=\"widget\" data-e-type=\"widget\" data-widget_type=\"image.default\">\n\t\t\t\t\t\t\t\t\t\t\t\t\t\t\t<img fetchpriority=\"high\" decoding=\"async\" width=\"526\" height=\"600\" src=\"https:\/\/grupolainmaculada.com\/wp-content\/uploads\/2025\/10\/560264785_1105055295168923_2876433429831969378_n-526x600.jpg\" class=\"attachment-portfolio-landscape size-portfolio-landscape wp-image-9985\" alt=\"\" \/>\t\t\t\t\t\t\t\t\t\t\t\t\t\t\t<\/div>\n\t\t\t\t\t<\/div>\n\t\t<\/div>\n\t\t\t\t\t<\/div>\n\t\t<\/section>\n\t\t\t\t\t<\/div>\n\t\t<\/div>\n\t\t\t\t\t<\/div>\n\t\t<\/section>\n\t\t\t\t<section class=\"elementor-section elementor-top-section elementor-element elementor-element-86d6648 elementor-section-full_width elementor-section-height-default elementor-section-height-default parallax_section_no qode_elementor_container_no\" data-id=\"86d6648\" data-element_type=\"section\" data-e-type=\"section\" data-settings=\"{&quot;background_background&quot;:&quot;classic&quot;}\">\n\t\t\t\t\t\t<div class=\"elementor-container elementor-column-gap-default\">\n\t\t\t\t\t<div class=\"elementor-column elementor-col-100 elementor-top-column elementor-element elementor-element-ed2fbcf\" data-id=\"ed2fbcf\" data-element_type=\"column\" data-e-type=\"column\">\n\t\t\t<div class=\"elementor-widget-wrap elementor-element-populated\">\n\t\t\t\t\t\t<div class=\"elementor-element elementor-element-63fb2c3 elementor-widget elementor-widget-text-editor\" data-id=\"63fb2c3\" data-element_type=\"widget\" data-e-type=\"widget\" data-widget_type=\"text-editor.default\">\n\t\t\t\t\t\t\t\t\t<div class=\"wpb_text_column wpb_content_element \"><div class=\"wpb_wrapper\"><h2>NUESTROS FUNDADORES<\/h2><\/div><\/div>\t\t\t\t\t\t\t\t<\/div>\n\t\t\t\t<div class=\"elementor-element elementor-element-6913e81 elementor-widget-divider--view-line elementor-widget elementor-widget-divider\" data-id=\"6913e81\" data-element_type=\"widget\" data-e-type=\"widget\" data-widget_type=\"divider.default\">\n\t\t\t\t\t\t\t<div class=\"elementor-divider\">\n\t\t\t<span class=\"elementor-divider-separator\">\n\t\t\t\t\t\t<\/span>\n\t\t<\/div>\n\t\t\t\t\t\t<\/div>\n\t\t\t\t<section class=\"elementor-section elementor-inner-section elementor-element elementor-element-2920ab2 qode_elementor_container_inner elementor-section-boxed elementor-section-height-default elementor-section-height-default parallax_section_no\" data-id=\"2920ab2\" data-element_type=\"section\" data-e-type=\"section\">\n\t\t\t\t\t\t<div class=\"elementor-container elementor-column-gap-default\">\n\t\t\t\t\t<div class=\"elementor-column elementor-col-100 elementor-inner-column elementor-element elementor-element-5190a10\" data-id=\"5190a10\" data-element_type=\"column\" data-e-type=\"column\">\n\t\t\t<div class=\"elementor-widget-wrap elementor-element-populated\">\n\t\t\t\t\t\t<div class=\"elementor-element elementor-element-6eb54ff elementor-widget elementor-widget-bridge_team\" data-id=\"6eb54ff\" data-element_type=\"widget\" data-e-type=\"widget\" data-widget_type=\"bridge_team.default\">\n\t\t\t\t<div class=\"elementor-widget-container\">\n\t\t\t\t\t<div class='q_team info_description_below_image qode_team_disabled_hover'style=\"background-color:#02010100\"><div class='q_team_inner'><div class='q_team_image'><div class='q_team_image_holder'><img decoding=\"async\" itemprop=\"image\" src=\"https:\/\/grupolainmaculada.com\/wp-content\/uploads\/2025\/10\/fundadores-scaled.png\" alt=\"fundadores\" \/><\/div><div class='q_team_text' ><div class='q_team_text_inner'><div class='q_team_title_holder'><h3 class=\"q_team_name\" >LLERME FLORES \/ LUCAS RE\u00c1TEGUI TORRES<\/h3><span >FUNDADORES<\/span><\/div><\/div><\/div><div class='q_team_social_holder'><\/div><\/div><\/div><\/div>\t\t\t\t<\/div>\n\t\t\t\t<\/div>\n\t\t\t\t\t<\/div>\n\t\t<\/div>\n\t\t\t\t\t<\/div>\n\t\t<\/section>\n\t\t\t\t\t<\/div>\n\t\t<\/div>\n\t\t\t\t\t<\/div>\n\t\t<\/section>\n\t\t\t\t<\/div>\n\t\t","protected":false},"excerpt":{"rendered":"<p>LA INMACULADA, DE TODA LA VIDA HISTORIA Botica y Supermercados La Inmaculada nace del esfuerzo y visi\u00f3n de una familia emprendedora en Tarapoto, San Mart\u00edn, con el firme prop\u00f3sito de servir a su comunidad. Todo comenz\u00f3 en el a\u00f1o 1955, cuando Don Lucas Re\u00e1tegui Torres&#8230;<\/p>\n","protected":false},"author":1,"featured_media":0,"parent":0,"menu_order":0,"comment_status":"closed","ping_status":"closed","template":"full_width.php","meta":{"_acf_changed":false,"content-type":"","footnotes":""},"class_list":["post-8737","page","type-page","status-publish","hentry"],"acf":[],"_links":{"self":[{"href":"https:\/\/grupolainmaculada.com\/index.php\/wp-json\/wp\/v2\/pages\/8737","targetHints":{"allow":["GET"]}}],"collection":[{"href":"https:\/\/grupolainmaculada.com\/index.php\/wp-json\/wp\/v2\/pages"}],"about":[{"href":"https:\/\/grupolainmaculada.com\/index.php\/wp-json\/wp\/v2\/types\/page"}],"author":[{"embeddable":true,"href":"https:\/\/grupolainmaculada.com\/index.php\/wp-json\/wp\/v2\/users\/1"}],"replies":[{"embeddable":true,"href":"https:\/\/grupolainmaculada.com\/index.php\/wp-json\/wp\/v2\/comments?post=8737"}],"version-history":[{"count":24,"href":"https:\/\/grupolainmaculada.com\/index.php\/wp-json\/wp\/v2\/pages\/8737\/revisions"}],"predecessor-version":[{"id":10626,"href":"https:\/\/grupolainmaculada.com\/index.php\/wp-json\/wp\/v2\/pages\/8737\/revisions\/10626"}],"wp:attachment":[{"href":"https:\/\/grupolainmaculada.com\/index.php\/wp-json\/wp\/v2\/media?parent=8737"}],"curies":[{"name":"wp","href":"https:\/\/api.w.org\/{rel}","templated":true}]}}