{"id":10485,"date":"2026-01-15T14:08:48","date_gmt":"2026-01-15T14:08:48","guid":{"rendered":"https:\/\/grupolainmaculada.com\/?page_id=10485"},"modified":"2026-04-20T20:52:25","modified_gmt":"2026-04-20T20:52:25","slug":"trabaja-con-nosotros-supermercados","status":"publish","type":"page","link":"https:\/\/grupolainmaculada.com\/index.php\/trabaja-con-nosotros-supermercados\/","title":{"rendered":"Trabaja con nosotros \u2013 Supermercados"},"content":{"rendered":"\t\t<div data-elementor-type=\"wp-page\" data-elementor-id=\"10485\" class=\"elementor elementor-10485\">\n\t\t\t\t<div class=\"elementor-element elementor-element-55d8462 e-grid e-con-boxed parallax_section_no qode_elementor_container_no e-con e-parent\" data-id=\"55d8462\" data-element_type=\"container\" data-e-type=\"container\">\n\t\t\t\t\t<div class=\"e-con-inner\">\n\t\t\t\t<div class=\"elementor-element elementor-element-27d2b5d elementor-widget elementor-widget-image\" data-id=\"27d2b5d\" data-element_type=\"widget\" data-e-type=\"widget\" data-widget_type=\"image.default\">\n\t\t\t\t\t\t\t\t\t\t\t\t\t\t\t<img fetchpriority=\"high\" decoding=\"async\" width=\"1024\" height=\"1024\" src=\"https:\/\/grupolainmaculada.com\/wp-content\/uploads\/2026\/03\/operado-multifuncional-caja-03-1024x1024.png\" class=\"attachment-large size-large wp-image-10762\" alt=\"\" srcset=\"https:\/\/grupolainmaculada.com\/wp-content\/uploads\/2026\/03\/operado-multifuncional-caja-03-1024x1024.png 1024w, https:\/\/grupolainmaculada.com\/wp-content\/uploads\/2026\/03\/operado-multifuncional-caja-03-300x300.png 300w, https:\/\/grupolainmaculada.com\/wp-content\/uploads\/2026\/03\/operado-multifuncional-caja-03-150x150.png 150w, https:\/\/grupolainmaculada.com\/wp-content\/uploads\/2026\/03\/operado-multifuncional-caja-03-768x768.png 768w, https:\/\/grupolainmaculada.com\/wp-content\/uploads\/2026\/03\/operado-multifuncional-caja-03-1536x1536.png 1536w, https:\/\/grupolainmaculada.com\/wp-content\/uploads\/2026\/03\/operado-multifuncional-caja-03-2048x2048.png 2048w, https:\/\/grupolainmaculada.com\/wp-content\/uploads\/2026\/03\/operado-multifuncional-caja-03-570x570.png 570w, https:\/\/grupolainmaculada.com\/wp-content\/uploads\/2026\/03\/operado-multifuncional-caja-03-500x500.png 500w, https:\/\/grupolainmaculada.com\/wp-content\/uploads\/2026\/03\/operado-multifuncional-caja-03-1000x1000.png 1000w, https:\/\/grupolainmaculada.com\/wp-content\/uploads\/2026\/03\/operado-multifuncional-caja-03-700x700.png 700w, https:\/\/grupolainmaculada.com\/wp-content\/uploads\/2026\/03\/operado-multifuncional-caja-03-650x650.png 650w, https:\/\/grupolainmaculada.com\/wp-content\/uploads\/2026\/03\/operado-multifuncional-caja-03-1300x1300.png 1300w\" sizes=\"(max-width: 1024px) 100vw, 1024px\" \/>\t\t\t\t\t\t\t\t\t\t\t\t\t\t\t<\/div>\n\t\t\t\t<div class=\"elementor-element elementor-element-8cd42ab elementor-widget elementor-widget-image\" data-id=\"8cd42ab\" data-element_type=\"widget\" data-e-type=\"widget\" data-widget_type=\"image.default\">\n\t\t\t\t\t\t\t\t\t\t\t\t\t\t\t<img decoding=\"async\" width=\"1024\" height=\"1024\" src=\"https:\/\/grupolainmaculada.com\/wp-content\/uploads\/2026\/03\/Mesa-de-trabajo-3.png\" class=\"attachment-large size-large wp-image-10784\" alt=\"\" srcset=\"https:\/\/grupolainmaculada.com\/wp-content\/uploads\/2026\/03\/Mesa-de-trabajo-3.png 1024w, https:\/\/grupolainmaculada.com\/wp-content\/uploads\/2026\/03\/Mesa-de-trabajo-3-300x300.png 300w, https:\/\/grupolainmaculada.com\/wp-content\/uploads\/2026\/03\/Mesa-de-trabajo-3-150x150.png 150w, https:\/\/grupolainmaculada.com\/wp-content\/uploads\/2026\/03\/Mesa-de-trabajo-3-768x768.png 768w, https:\/\/grupolainmaculada.com\/wp-content\/uploads\/2026\/03\/Mesa-de-trabajo-3-570x570.png 570w, https:\/\/grupolainmaculada.com\/wp-content\/uploads\/2026\/03\/Mesa-de-trabajo-3-500x500.png 500w, https:\/\/grupolainmaculada.com\/wp-content\/uploads\/2026\/03\/Mesa-de-trabajo-3-1000x1000.png 1000w, https:\/\/grupolainmaculada.com\/wp-content\/uploads\/2026\/03\/Mesa-de-trabajo-3-700x700.png 700w, https:\/\/grupolainmaculada.com\/wp-content\/uploads\/2026\/03\/Mesa-de-trabajo-3-650x650.png 650w\" sizes=\"(max-width: 1024px) 100vw, 1024px\" \/>\t\t\t\t\t\t\t\t\t\t\t\t\t\t\t<\/div>\n\t\t\t\t<div class=\"elementor-element elementor-element-bb9a20b elementor-absolute elementor-widget elementor-widget-button\" data-id=\"bb9a20b\" data-element_type=\"widget\" data-e-type=\"widget\" data-settings=\"{&quot;_position&quot;:&quot;absolute&quot;}\" data-widget_type=\"button.default\">\n\t\t\t\t\t\t\t\t\t\t<a class=\"elementor-button elementor-button-link elementor-size-sm\" href=\"https:\/\/docs.google.com\/forms\/d\/e\/1FAIpQLSdpxK42iecmmoyOQId1-Xiu7UQSa_rEfJhLcZ337nF6U6PiwA\/viewform\">\n\t\t\t\t\t\t<span class=\"elementor-button-content-wrapper\">\n\t\t\t\t\t\t\t\t\t<span class=\"elementor-button-text\">POSTULA AQU\u00cd<\/span>\n\t\t\t\t\t<\/span>\n\t\t\t\t\t<\/a>\n\t\t\t\t\t\t\t\t<\/div>\n\t\t\t\t<div class=\"elementor-element elementor-element-a5b5f74 elementor-absolute elementor-widget elementor-widget-button\" data-id=\"a5b5f74\" data-element_type=\"widget\" data-e-type=\"widget\" data-settings=\"{&quot;_position&quot;:&quot;absolute&quot;}\" data-widget_type=\"button.default\">\n\t\t\t\t\t\t\t\t\t\t<a class=\"elementor-button elementor-button-link elementor-size-sm\" href=\"https:\/\/forms.gle\/u3CpTMr2PwZzpX6z6\">\n\t\t\t\t\t\t<span class=\"elementor-button-content-wrapper\">\n\t\t\t\t\t\t\t\t\t<span class=\"elementor-button-text\">POSTULA AQU\u00cd<\/span>\n\t\t\t\t\t<\/span>\n\t\t\t\t\t<\/a>\n\t\t\t\t\t\t\t\t<\/div>\n\t\t\t\t<div class=\"elementor-element elementor-element-d717506 elementor-widget elementor-widget-image\" data-id=\"d717506\" data-element_type=\"widget\" data-e-type=\"widget\" data-widget_type=\"image.default\">\n\t\t\t\t\t\t\t\t\t\t\t\t\t\t\t<img decoding=\"async\" width=\"1024\" height=\"1024\" src=\"https:\/\/grupolainmaculada.com\/wp-content\/uploads\/2026\/04\/chofer-qr2-1024x1024.png\" class=\"attachment-large size-large wp-image-10849\" alt=\"\" srcset=\"https:\/\/grupolainmaculada.com\/wp-content\/uploads\/2026\/04\/chofer-qr2-1024x1024.png 1024w, https:\/\/grupolainmaculada.com\/wp-content\/uploads\/2026\/04\/chofer-qr2-300x300.png 300w, https:\/\/grupolainmaculada.com\/wp-content\/uploads\/2026\/04\/chofer-qr2-150x150.png 150w, https:\/\/grupolainmaculada.com\/wp-content\/uploads\/2026\/04\/chofer-qr2-768x768.png 768w, https:\/\/grupolainmaculada.com\/wp-content\/uploads\/2026\/04\/chofer-qr2-570x570.png 570w, https:\/\/grupolainmaculada.com\/wp-content\/uploads\/2026\/04\/chofer-qr2-500x500.png 500w, https:\/\/grupolainmaculada.com\/wp-content\/uploads\/2026\/04\/chofer-qr2-1000x1000.png 1000w, https:\/\/grupolainmaculada.com\/wp-content\/uploads\/2026\/04\/chofer-qr2-700x700.png 700w, https:\/\/grupolainmaculada.com\/wp-content\/uploads\/2026\/04\/chofer-qr2-650x650.png 650w, https:\/\/grupolainmaculada.com\/wp-content\/uploads\/2026\/04\/chofer-qr2.png 1080w\" sizes=\"(max-width: 1024px) 100vw, 1024px\" \/>\t\t\t\t\t\t\t\t\t\t\t\t\t\t\t<\/div>\n\t\t\t\t<div class=\"elementor-element elementor-element-aefacbf elementor-widget elementor-widget-image\" data-id=\"aefacbf\" data-element_type=\"widget\" data-e-type=\"widget\" data-widget_type=\"image.default\">\n\t\t\t\t\t\t\t\t\t\t\t\t\t\t\t<img loading=\"lazy\" decoding=\"async\" width=\"1024\" height=\"1024\" src=\"https:\/\/grupolainmaculada.com\/wp-content\/uploads\/2026\/04\/WhatsApp-Image-2026-04-20-at-3.24.31-PM.jpeg\" class=\"attachment-large size-large wp-image-10907\" alt=\"\" srcset=\"https:\/\/grupolainmaculada.com\/wp-content\/uploads\/2026\/04\/WhatsApp-Image-2026-04-20-at-3.24.31-PM.jpeg 1024w, https:\/\/grupolainmaculada.com\/wp-content\/uploads\/2026\/04\/WhatsApp-Image-2026-04-20-at-3.24.31-PM-300x300.jpeg 300w, https:\/\/grupolainmaculada.com\/wp-content\/uploads\/2026\/04\/WhatsApp-Image-2026-04-20-at-3.24.31-PM-150x150.jpeg 150w, https:\/\/grupolainmaculada.com\/wp-content\/uploads\/2026\/04\/WhatsApp-Image-2026-04-20-at-3.24.31-PM-768x768.jpeg 768w, https:\/\/grupolainmaculada.com\/wp-content\/uploads\/2026\/04\/WhatsApp-Image-2026-04-20-at-3.24.31-PM-570x570.jpeg 570w, https:\/\/grupolainmaculada.com\/wp-content\/uploads\/2026\/04\/WhatsApp-Image-2026-04-20-at-3.24.31-PM-500x500.jpeg 500w, https:\/\/grupolainmaculada.com\/wp-content\/uploads\/2026\/04\/WhatsApp-Image-2026-04-20-at-3.24.31-PM-1000x1000.jpeg 1000w, https:\/\/grupolainmaculada.com\/wp-content\/uploads\/2026\/04\/WhatsApp-Image-2026-04-20-at-3.24.31-PM-700x700.jpeg 700w, https:\/\/grupolainmaculada.com\/wp-content\/uploads\/2026\/04\/WhatsApp-Image-2026-04-20-at-3.24.31-PM-650x650.jpeg 650w\" sizes=\"(max-width: 1024px) 100vw, 1024px\" \/>\t\t\t\t\t\t\t\t\t\t\t\t\t\t\t<\/div>\n\t\t\t\t\t<\/div>\n\t\t\t\t<\/div>\n\t\t<div class=\"elementor-element elementor-element-cb7b617 e-flex e-con-boxed parallax_section_no qode_elementor_container_no e-con e-parent\" data-id=\"cb7b617\" data-element_type=\"container\" data-e-type=\"container\">\n\t\t\t\t\t<div class=\"e-con-inner\">\n\t\t\t\t<div class=\"elementor-element elementor-element-3577db9 elementor-absolute elementor-widget elementor-widget-button\" data-id=\"3577db9\" data-element_type=\"widget\" data-e-type=\"widget\" data-settings=\"{&quot;_position&quot;:&quot;absolute&quot;}\" data-widget_type=\"button.default\">\n\t\t\t\t\t\t\t\t\t\t<a class=\"elementor-button elementor-button-link elementor-size-sm\" href=\"https:\/\/docs.google.com\/forms\/d\/e\/1FAIpQLSfaZxEtdpYfDyS7YQG66tA83srG7xvDgUhTPHaOdNjfNt0E_g\/viewform\">\n\t\t\t\t\t\t<span class=\"elementor-button-content-wrapper\">\n\t\t\t\t\t\t\t\t\t<span class=\"elementor-button-text\">POSTULA AQU\u00cd<\/span>\n\t\t\t\t\t<\/span>\n\t\t\t\t\t<\/a>\n\t\t\t\t\t\t\t\t<\/div>\n\t\t\t\t<div class=\"elementor-element elementor-element-8c602ef elementor-absolute elementor-widget elementor-widget-button\" data-id=\"8c602ef\" data-element_type=\"widget\" data-e-type=\"widget\" data-settings=\"{&quot;_position&quot;:&quot;absolute&quot;}\" data-widget_type=\"button.default\">\n\t\t\t\t\t\t\t\t\t\t<a class=\"elementor-button elementor-button-link elementor-size-sm\" href=\"https:\/\/docs.google.com\/forms\/d\/e\/1FAIpQLSdpxK42iecmmoyOQId1-Xiu7UQSa_rEfJhLcZ337nF6U6PiwA\/viewform\">\n\t\t\t\t\t\t<span class=\"elementor-button-content-wrapper\">\n\t\t\t\t\t\t\t\t\t<span class=\"elementor-button-text\">POSTULA AQU\u00cd<\/span>\n\t\t\t\t\t<\/span>\n\t\t\t\t\t<\/a>\n\t\t\t\t\t\t\t\t<\/div>\n\t\t\t\t\t<\/div>\n\t\t\t\t<\/div>\n\t\t\t\t<\/div>\n\t\t","protected":false},"excerpt":{"rendered":"<p>POSTULA AQU\u00cd POSTULA AQU\u00cd POSTULA AQU\u00cd POSTULA AQU\u00cd<\/p>\n","protected":false},"author":1,"featured_media":0,"parent":0,"menu_order":0,"comment_status":"closed","ping_status":"closed","template":"","meta":{"_acf_changed":false,"content-type":"","footnotes":""},"class_list":["post-10485","page","type-page","status-publish","hentry"],"acf":[],"_links":{"self":[{"href":"https:\/\/grupolainmaculada.com\/index.php\/wp-json\/wp\/v2\/pages\/10485","targetHints":{"allow":["GET"]}}],"collection":[{"href":"https:\/\/grupolainmaculada.com\/index.php\/wp-json\/wp\/v2\/pages"}],"about":[{"href":"https:\/\/grupolainmaculada.com\/index.php\/wp-json\/wp\/v2\/types\/page"}],"author":[{"embeddable":true,"href":"https:\/\/grupolainmaculada.com\/index.php\/wp-json\/wp\/v2\/users\/1"}],"replies":[{"embeddable":true,"href":"https:\/\/grupolainmaculada.com\/index.php\/wp-json\/wp\/v2\/comments?post=10485"}],"version-history":[{"count":124,"href":"https:\/\/grupolainmaculada.com\/index.php\/wp-json\/wp\/v2\/pages\/10485\/revisions"}],"predecessor-version":[{"id":10911,"href":"https:\/\/grupolainmaculada.com\/index.php\/wp-json\/wp\/v2\/pages\/10485\/revisions\/10911"}],"wp:attachment":[{"href":"https:\/\/grupolainmaculada.com\/index.php\/wp-json\/wp\/v2\/media?parent=10485"}],"curies":[{"name":"wp","href":"https:\/\/api.w.org\/{rel}","templated":true}]}}